y f?
23
Let j = 67 + -32. Let m be 2/14 + 520/j. What is the remainder when 42/(-27)*-3*m is divided by 24?
22
Let n = -494 + 505. What is the remainder when n is divided by 5?
1
Let d(q) = -2*q**3 + q**2 + 3*q - 4. Suppose -2*t + 11 = 5*a, -2*t = -5*a - 12 - 29. Calculate the remainder when d(-3) is divided by t.
11
Let p(f) = -f**3 - 6*f**2 - 5*f - 18. Let d be p(-6). Let u(x) = -x**2 + 15*x - 7. What is the remainder when u(d) is divided by 18?
11
Suppose 2115*p - 2113*p = 6. Calculate the remainder when (20/(-3))/2*-3 is divided by p.
1
Let b = 584 + -495. What is the remainder when 174 is divided by b?
85
Suppose -5*t = -0*t - 145. Let n(q) = -q**3 + 15*q**2 + 17*q - 17. Let c be n(16). Calculate the remainder when (-3 - -4)*c + 115 is divided by t.
27
Suppose -24 = 3*h - 90. Suppose -4*u + 6 - h = 0, m - 2*u - 179 = 0. Suppose 0 = 2*a + 3*a - 215. What is the remainder when m is divided by a?
42
Suppose 2 = -3*z + 8. Let o(w) = 9*w - 3. Let p be o(z). Let a = p - -4. What is the remainder when 55 is divided by a?
17
Suppose p - 15 = u, -6 = 2*p + p. Let c = -4 - u. Let m = -74 - -123. What is the remainder when m is divided by c?
10
Let q(z) = 6*z + 26. Let j(m) = m - 1. Let l(w) = -3*j(w) - q(w). What is the remainder when l(-16) is divided by 31?
28
Suppose -3*j = -3*p + 12, -4*p - 4*j + 0*j = 0. Calculate the remainder when 45 is divided by (-1 + 5)/(1/p).
5
Let z = -891 + 1439. Calculate the remainder when z is divided by 9.
8
Let z = 2284 - 2206. Calculate the remainder when z is divided by 50.
28
Let a(h) = -2*h**3 - 74*h**2 - 3*h - 65. Calculate the remainder when 88 is divided by a(-37).
42
Suppose 5*t - 11 = 4. Suppose -3*s - s + 39 = 5*v, 53 = t*s - v. Calculate the remainder when 45 is divided by s.
13
Let g(q) = -2*q**2 - 64*q - 48. What is the remainder when g(-28) is divided by 18?
14
What is the remainder when 21692/308 + 1 + (-20)/14 is divided by 6?
4
Suppose 65*w = 71*w - 48. What is the remainder when 102 is divided by w?
6
Suppose 3*m + 5*i - 185 = 0, -5*i - 69 = -m - 3*i. What is the remainder when m is divided by 10?
5
Calculate the remainder when 2*3 + 40 + 43 is divided by 19.
13
What is the remainder when 74 is divided by 0 - 4 - (-4)/((-24)/(-258))?
35
Let g(f) = 2*f + 2. Let v be g(-5). Let x(z) = z. Let t be x(v). Let k = t + 10. Calculate the remainder when k is divided by 2.
0
Let u = 11 + -1. Suppose 0 = -2*o + u + 38. Let a = 29 - o. What is the remainder when a is divided by 2?
1
Let w = 7 + -17. Let j = 7 - w. Suppose 0 = k - j + 4. What is the remainder when 25 is divided by k?
12
Let x(l) = l**2 + 29*l - 104. What is the remainder when x(6) is divided by 82?
24
Let g(c) = -4*c + 105. Let i be g(0). Let h = i - -25. What is the remainder when h is divided by 44?
42
Let s = -5 + 21. Let o(j) = -16*j - 401. What is the remainder when o(-27) is divided by s?
15
Let y(z) = 1. Let l(v) = -v + 11. Let r(t) = -3*l(t) + 21*y(t). Let n be r(8). Let m = n + 1. What is the remainder when m is divided by 5?
3
Let g = -101 + 147. Calculate the remainder when 138 is divided by g.
0
Suppose -3*t - 33 = k - 5*k, -5*k - 3*t = -48. What is the remainder when 233 is divided by k?
8
Let t(c) = 5*c**3 - 16*c**2 + 5*c - 3. Calculate the remainder when t(5) is divided by 83.
81
Let n = -10 + 11. Suppose 2*z = 4*i + 164, -4*z + 244 = -3*i - 89. What is the remainder when z is divided by (n/2)/((-3)/(-174))?
26
Let x(f) = -8*f + 279. Calculate the remainder when x(13) is divided by 16.
15
Suppose 2 - 12 = -2*i. Suppose i*k + 7 = -18. Let l = 0 - k. Calculate the remainder when 7 is divided by l.
2
Let c = 22 - 11. Let q = c - 10. Suppose 0 = -2*j + 3*j - 1. What is the remainder when q is divided by j?
0
Suppose 2*d - 26 - 14 = 0. Let o be d/70 + (-52)/(-14). Suppose 0 = -o*r - r + 85. Calculate the remainder when r is divided by 10.
7
Let u be (-18)/(-2) - 5 - (1 + -47). Let p = 118 - u. Calculate the remainder when p is divided by 14.
12
Let y(j) = -j**3 + 6*j**2 - 5*j + 20. Calculate the remainder when 177 is divided by y(5).
17
Suppose 31*q - 34*q = -63. What is the remainder when 209 is divided by q?
20
Let h(x) = x**2 - 4*x + 23. What is the remainder when h(0) is divided by -16*-1*(4 + -3)?
7
Let m be 9/45 + (-89)/(-5). Let x(j) = j + 32. What is the remainder when x(m) is divided by 11?
6
Let t = -7 - -9. Suppose -114 = -m - t*m. Calculate the remainder when 74 + -3 + (-5 - -7) is divided by m.
35
Suppose x - 30 = 10. Calculate the remainder when 158 is divided by x.
38
Let n(o) = -26*o + 10. Let v(z) = z**2 - 7*z - 22. Let j be v(9). What is the remainder when n(j) is divided by 30?
24
Let s(u) = u**3 + 13*u**2 + 10*u - 16. Let n be (10/(-4))/5*24. Let l be s(n). Let a = l - 3. Calculate the remainder when 17 is divided by a.
2
Let p(s) = s**2 + 2*s - 3. Let b be p(3). Suppose 3*j - 4*c - 148 = 0, 3*c + 0*c = -b. Suppose -4*i = -0*i - 92. What is the remainder when j is divided by i?
21
Suppose -212 = -4*x + 4*g, 2*x + 4*g - 19 = 81. Let v = 36 - 9. What is the remainder when x is divided by v?
25
Let m be (-4)/22 - 276/(-66). Suppose -11 = -p - m*c, -3*p - 2*c = 2*c - 17. Let a(r) = -r + 17. What is the remainder when a(8) is divided by p?
0
Let i(f) = 67*f - 197. What is the remainder when 21 is divided by i(3)?
1
Let f(s) be the second derivative of -s**4/12 - 5*s**3/3 - 6*s**2 - s. Let u be f(-8). Suppose -19 + 7 = -u*g. Calculate the remainder when 6 is divided by g.
0
Let p(c) be the second derivative of -c**5/20 - c**4/2 + c**3/6 + 4*c**2 + 9*c. Suppose -7 + 19 = -2*w. What is the remainder when p(w) is divided by 2?
0
Suppose -15*t + 273 + 702 = 0. Calculate the remainder when 1102 is divided by t.
62
Let r = -21 - -38. Let t = -48 - -43. What is the remainder when r is divided by 3*(-6)/(18/t)?
2
Suppose 8*v + 120 = 16*v. Calculate the remainder when v is divided by (-17)/(-4) - 1/4.
3
Let d(j) = -j**3 - 4*j**2 + j + 1. Let y be d(-4). Let k(n) = -n**3 - 2*n**2 - n + 4. Calculate the remainder when 77 is divided by k(y).
13
Suppose l - 22 = -b + 58, 2*b + 5*l = 175. Calculate the remainder when b is divided by 38.
37
Suppose 176*z - 175*z = 11. Suppose z*m - 183 = 15. Calculate the remainder when m is divided by (0 - 0)/2 + 7.
4
Let t(q) = q**2 + 4*q + 1. Let m(i) = -11*i**3 + 3*i**2 + 5*i. What is the remainder when t(4) is divided by m(-1)?
6
Suppose -10*l + 791 + 79 = 0. What is the remainder when l is divided by 19?
11
What is the remainder when 468 is divided by (-2509)/(-52) + (22/8 - 3)?
36
Let h(m) = 39*m - 434. Calculate the remainder when h(16) is divided by 51.
37
Let w = -2 - -638. Calculate the remainder when w is divided by 49.
48
Let y = -21 - -29. Let h(x) = 4*x - 39. Let u be h(11). Suppose 4*z = w - 5*w + 120, -92 = -3*w - u*z. Calculate the remainder when w is divided by y.
5
Let f(c) = 22*c. Let z be f(3). Let y be (-2 + (-15)/(-10))*72. Let n = y + z. What is the remainder when n is divided by 16?
14
Let r = -12 - -21. Calculate the remainder when 44 is divided by r.
8
Let b(q) be the third derivative of -q**6/30 + q**5/30 - q**4/8 - q**3/2 - 12*q**2. What is the remainder when b(-2) is divided by 9?
7
Suppose 0 = 4*u - 7*u + 15. Suppose u*o = -0*o - 3*r + 395, 3*o - 241 = -r. What is the remainder when o is divided by 42?
40
What is the remainder when 15 is divided by (-14 + 2)*(-8 - (-124)/16)?
0
Suppose -52*c + 226 + 85 = -105. Let q be ((-2)/4)/(1/(-6)). Suppose q*n - z = 88, 0 = -3*n + 5*z + 92 - 24. What is the remainder when n is divided by c?
7
Suppose 0 = -12*u + 10*u + 98. Calculate the remainder when 65 is divided by u.
16
Let o(s) = -s**3 + 6*s**2 + 9*s - 2. Calculate the remainder when 124 is divided by o(4).
58
Suppose 7*f = 67 + 17. Calculate the remainder when 94 is divided by f.
10
Let g(p) = -46*p**3 + 3*p**2 - 3*p - 4. What is the remainder when 764 is divided by g(-2)?
0
Let h = -51 + 93. Let u = h - 37. Calculate the remainder when 5 is divided by u.
0
Suppose 3*m = -5*v + 1104, 0 = m - 3*v - 168 - 186. Calculate the remainder when 1 - (-5)/(15/m) is divided by 31.
29
Let z(i) = i**2 - 9*i - 6. Let h be z(-9). What is the remainder when 64 is divided by (-1)/(27/h - 2/8)?
12
Suppose -13*m + 130 - 643 = -32*m. Suppose -n = 2*n - 21. What is the remainder when m is 